{"id":948,"date":"2025-04-27T15:44:04","date_gmt":"2025-04-27T14:44:04","guid":{"rendered":"https:\/\/bicentenaire.lfip-alumni.com\/?page_id=948"},"modified":"2025-09-02T22:08:04","modified_gmt":"2025-09-02T21:08:04","slug":"a-propos","status":"publish","type":"page","link":"https:\/\/bicentenaire.lfip-alumni.com\/index.php\/a-propos\/","title":{"rendered":"A propos"},"content":{"rendered":"\t\t<div data-elementor-type=\"wp-page\" data-elementor-id=\"948\" class=\"elementor elementor-948\" data-elementor-post-type=\"page\">\n\t\t\t\t<div class=\"elementor-element elementor-element-d7d9da4 e-flex e-con-boxed wpr-particle-no wpr-jarallax-no wpr-parallax-no wpr-sticky-section-no e-con e-parent\" data-id=\"d7d9da4\" data-element_type=\"container\" data-settings=\"{&quot;background_background&quot;:&quot;classic&quot;}\">\n\t\t\t\t\t<div class=\"e-con-inner\">\n\t\t\t\t<div class=\"elementor-element elementor-element-9bad78a elementor-widget elementor-widget-spacer\" data-id=\"9bad78a\" data-element_type=\"widget\" data-widget_type=\"spacer.default\">\n\t\t\t\t<div class=\"elementor-widget-container\">\n\t\t\t\t\t\t\t<div class=\"elementor-spacer\">\n\t\t\t<div class=\"elementor-spacer-inner\"><\/div>\n\t\t<\/div>\n\t\t\t\t\t\t<\/div>\n\t\t\t\t<\/div>\n\t\t\t\t<div class=\"elementor-element elementor-element-53fc9b1 elementor-widget elementor-widget-heading\" data-id=\"53fc9b1\" data-element_type=\"widget\" data-widget_type=\"heading.default\">\n\t\t\t\t<div class=\"elementor-widget-container\">\n\t\t\t\t\t<h2 class=\"elementor-heading-title elementor-size-default\">Un \u00e9tablissement bicentenaire ancr\u00e9 dans l\u2019histoire et ouvert sur le monde<\/h2>\t\t\t\t<\/div>\n\t\t\t\t<\/div>\n\t\t\t\t\t<\/div>\n\t\t\t\t<\/div>\n\t\t<div class=\"elementor-element elementor-element-0b011fe e-flex e-con-boxed wpr-particle-no wpr-jarallax-no wpr-parallax-no wpr-sticky-section-no e-con e-parent\" data-id=\"0b011fe\" data-element_type=\"container\" data-settings=\"{&quot;background_background&quot;:&quot;classic&quot;}\">\n\t\t\t\t\t<div class=\"e-con-inner\">\n\t\t<div class=\"elementor-element elementor-element-6f6d8d1 e-con-full e-flex wpr-particle-no wpr-jarallax-no wpr-parallax-no wpr-sticky-section-no e-con e-child\" data-id=\"6f6d8d1\" data-element_type=\"container\">\n\t\t<div class=\"elementor-element elementor-element-abfea3a e-con-full e-flex wpr-particle-no wpr-jarallax-no wpr-parallax-no wpr-sticky-section-no elementor-invisible e-con e-child\" data-id=\"abfea3a\" data-element_type=\"container\" data-settings=\"{&quot;animation&quot;:&quot;fadeInLeft&quot;}\">\n\t\t\t\t<div class=\"elementor-element elementor-element-99a3eee elementor-widget-tablet__width-initial elementor-widget elementor-widget-text-editor\" data-id=\"99a3eee\" data-element_type=\"widget\" data-widget_type=\"text-editor.default\">\n\t\t\t\t<div class=\"elementor-widget-container\">\n\t\t\t\t\t\t\t\t\t<p>Cr\u00e9\u00e9 le 28 octobre 1826 \u00e0 l\u2019initiative du Gouverneur Desbassayns, le Coll\u00e8ge Royal de Pondich\u00e9ry est l\u2019un des plus anciens \u00e9tablissements scolaires de la r\u00e9gion.<\/p><p>Administr\u00e9 par les Missions \u00c9trang\u00e8res de Paris de 1834 \u00e0 1899, il devient le Coll\u00e8ge Colonial en 1848, avant de rouvrir en 1900 sous la Troisi\u00e8me R\u00e9publique, avec une administration la\u00efque. C\u2019est \u00e0 cette \u00e9poque que les jeunes filles y sont admises pour la premi\u00e8re fois, et que les langues locales int\u00e8grent les enseignements.<\/p>\t\t\t\t\t\t\t\t<\/div>\n\t\t\t\t<\/div>\n\t\t\t\t<\/div>\n\t\t\t\t<\/div>\n\t\t<div class=\"elementor-element elementor-element-4e37721 e-con-full e-flex wpr-particle-no wpr-jarallax-no wpr-parallax-no wpr-sticky-section-no e-con e-child\" data-id=\"4e37721\" data-element_type=\"container\">\n\t\t\t\t<div class=\"elementor-element elementor-element-0099109 elementor-widget elementor-widget-spacer\" data-id=\"0099109\" data-element_type=\"widget\" data-widget_type=\"spacer.default\">\n\t\t\t\t<div class=\"elementor-widget-container\">\n\t\t\t\t\t\t\t<div class=\"elementor-spacer\">\n\t\t\t<div class=\"elementor-spacer-inner\"><\/div>\n\t\t<\/div>\n\t\t\t\t\t\t<\/div>\n\t\t\t\t<\/div>\n\t\t\t\t<div class=\"elementor-element elementor-element-876fae3 elementor-invisible elementor-widget elementor-widget-image\" data-id=\"876fae3\" data-element_type=\"widget\" data-settings=\"{&quot;_animation&quot;:&quot;fadeInRight&quot;}\" data-widget_type=\"image.default\">\n\t\t\t\t<div class=\"elementor-widget-container\">\n\t\t\t\t\t\t\t\t\t\t\t\t\t\t\t<img fetchpriority=\"high\" decoding=\"async\" width=\"300\" height=\"293\" src=\"https:\/\/bicentenaire.lfip-alumni.com\/wp-content\/uploads\/2025\/09\/Capture-de\u0301cran-2025-09-01-a\u0300-19.30.13-300x293.png\" class=\"attachment-medium size-medium wp-image-1579\" alt=\"\" srcset=\"https:\/\/bicentenaire.lfip-alumni.com\/wp-content\/uploads\/2025\/09\/Capture-de\u0301cran-2025-09-01-a\u0300-19.30.13-300x293.png 300w, https:\/\/bicentenaire.lfip-alumni.com\/wp-content\/uploads\/2025\/09\/Capture-de\u0301cran-2025-09-01-a\u0300-19.30.13.png 542w\" sizes=\"(max-width: 300px) 100vw, 300px\" \/>\t\t\t\t\t\t\t\t\t\t\t\t\t\t\t<\/div>\n\t\t\t\t<\/div>\n\t\t\t\t<\/div>\n\t\t\t\t\t<\/div>\n\t\t\t\t<\/div>\n\t\t<div class=\"elementor-element elementor-element-0124f43 e-flex e-con-boxed wpr-particle-no wpr-jarallax-no wpr-parallax-no wpr-sticky-section-no e-con e-parent\" data-id=\"0124f43\" data-element_type=\"container\">\n\t\t\t\t\t<div class=\"e-con-inner\">\n\t\t<div class=\"elementor-element elementor-element-d7dc8b4 e-con-full e-flex wpr-particle-no wpr-jarallax-no wpr-parallax-no wpr-sticky-section-no elementor-invisible e-con e-child\" data-id=\"d7dc8b4\" data-element_type=\"container\" data-settings=\"{&quot;animation&quot;:&quot;fadeInLeft&quot;}\">\n\t\t\t\t<div class=\"elementor-element elementor-element-ee789d7 elementor-widget elementor-widget-spacer\" data-id=\"ee789d7\" data-element_type=\"widget\" data-widget_type=\"spacer.default\">\n\t\t\t\t<div class=\"elementor-widget-container\">\n\t\t\t\t\t\t\t<div class=\"elementor-spacer\">\n\t\t\t<div class=\"elementor-spacer-inner\"><\/div>\n\t\t<\/div>\n\t\t\t\t\t\t<\/div>\n\t\t\t\t<\/div>\n\t\t\t\t<div class=\"elementor-element elementor-element-f9b3f70 elementor-widget elementor-widget-image\" data-id=\"f9b3f70\" data-element_type=\"widget\" data-widget_type=\"image.default\">\n\t\t\t\t<div class=\"elementor-widget-container\">\n\t\t\t\t\t\t\t\t\t\t\t\t\t\t\t<img decoding=\"async\" width=\"768\" height=\"464\" src=\"https:\/\/bicentenaire.lfip-alumni.com\/wp-content\/uploads\/2025\/09\/WhatsApp-Image-2025-09-02-at-23.07.19-768x464.jpeg\" class=\"attachment-medium_large size-medium_large wp-image-1679\" alt=\"\" srcset=\"https:\/\/bicentenaire.lfip-alumni.com\/wp-content\/uploads\/2025\/09\/WhatsApp-Image-2025-09-02-at-23.07.19-768x464.jpeg 768w, https:\/\/bicentenaire.lfip-alumni.com\/wp-content\/uploads\/2025\/09\/WhatsApp-Image-2025-09-02-at-23.07.19-300x181.jpeg 300w, https:\/\/bicentenaire.lfip-alumni.com\/wp-content\/uploads\/2025\/09\/WhatsApp-Image-2025-09-02-at-23.07.19-1024x619.jpeg 1024w, https:\/\/bicentenaire.lfip-alumni.com\/wp-content\/uploads\/2025\/09\/WhatsApp-Image-2025-09-02-at-23.07.19-1536x928.jpeg 1536w, https:\/\/bicentenaire.lfip-alumni.com\/wp-content\/uploads\/2025\/09\/WhatsApp-Image-2025-09-02-at-23.07.19.jpeg 1600w\" sizes=\"(max-width: 768px) 100vw, 768px\" \/>\t\t\t\t\t\t\t\t\t\t\t\t\t\t\t<\/div>\n\t\t\t\t<\/div>\n\t\t\t\t<\/div>\n\t\t<div class=\"elementor-element elementor-element-3855b88 e-con-full e-flex wpr-particle-no wpr-jarallax-no wpr-parallax-no wpr-sticky-section-no elementor-invisible e-con e-child\" data-id=\"3855b88\" data-element_type=\"container\" data-settings=\"{&quot;animation&quot;:&quot;fadeInRight&quot;}\">\n\t\t<div class=\"elementor-element elementor-element-d01b7ce e-con-full e-flex wpr-particle-no wpr-jarallax-no wpr-parallax-no wpr-sticky-section-no e-con e-child\" data-id=\"d01b7ce\" data-element_type=\"container\">\n\t\t\t\t<div class=\"elementor-element elementor-element-d9ded1b elementor-widget-tablet__width-initial elementor-widget elementor-widget-text-editor\" data-id=\"d9ded1b\" data-element_type=\"widget\" data-widget_type=\"text-editor.default\">\n\t\t\t\t<div class=\"elementor-widget-container\">\n\t\t\t\t\t\t\t\t\t<p>En 1954, avec la r\u00e9trocession de Pondich\u00e9ry \u00e0 l\u2019Inde, l\u2019\u00e9tablissement devient un symbole des liens culturels entre la France et l\u2019Inde. Il accueille notamment un discours marquant de Jawaharlal Nehru.<\/p><p>En 1972, il devient le Lyc\u00e9e Fran\u00e7ais de Pondich\u00e9ry, dont l\u2019existence est garantie par l\u2019article 21 du trait\u00e9 de Cession.<\/p><p>Enfin, en 2018, le lyc\u00e9e prend une dimension internationale en rejoignant pleinement le r\u00e9seau AEFE sous le nom de Lyc\u00e9e Fran\u00e7ais International de Pondich\u00e9ry, fid\u00e8le \u00e0 sa vocation d\u2019excellence, d\u2019ouverture et de diversit\u00e9.<\/p>\t\t\t\t\t\t\t\t<\/div>\n\t\t\t\t<\/div>\n\t\t\t\t<\/div>\n\t\t\t\t<\/div>\n\t\t\t\t\t<\/div>\n\t\t\t\t<\/div>\n\t\t<div class=\"elementor-element elementor-element-0b83d55 e-flex e-con-boxed wpr-particle-no wpr-jarallax-no wpr-parallax-no wpr-sticky-section-no e-con e-parent\" data-id=\"0b83d55\" data-element_type=\"container\" data-settings=\"{&quot;background_background&quot;:&quot;classic&quot;}\">\n\t\t\t\t\t<div class=\"e-con-inner\">\n\t\t<div class=\"elementor-element elementor-element-07fe67d e-con-full e-flex wpr-particle-no wpr-jarallax-no wpr-parallax-no wpr-sticky-section-no e-con e-child\" data-id=\"07fe67d\" data-element_type=\"container\">\n\t\t<div class=\"elementor-element elementor-element-517184b e-con-full e-flex wpr-particle-no wpr-jarallax-no wpr-parallax-no wpr-sticky-section-no elementor-invisible e-con e-child\" data-id=\"517184b\" data-element_type=\"container\" data-settings=\"{&quot;animation&quot;:&quot;fadeInLeft&quot;}\">\n\t\t\t\t<div class=\"elementor-element elementor-element-d26c4b8 elementor-widget-tablet__width-initial elementor-widget elementor-widget-text-editor\" data-id=\"d26c4b8\" data-element_type=\"widget\" data-widget_type=\"text-editor.default\">\n\t\t\t\t<div class=\"elementor-widget-container\">\n\t\t\t\t\t\t\t\t\t<p>Marqu\u00e9 par une histoire franco-indienne unique, le LFIP a form\u00e9 des g\u00e9n\u00e9rations d&#8217;\u00e9l\u00e8ves, acteurs du monde de demain.<br \/><br \/>Le Bicentenaire est l&#8217;occasion de rendre hommage \u00e0 cette aventure humaine et \u00e9ducative exceptionnelle, de r\u00e9unir anciens \u00e9l\u00e8ves, \u00e9l\u00e8ves actuels, enseignants, familles et partenaires autour de nos valeurs fondatrices : excellence, ouverture, engagement et transmission.<\/p>\t\t\t\t\t\t\t\t<\/div>\n\t\t\t\t<\/div>\n\t\t\t\t<\/div>\n\t\t\t\t<\/div>\n\t\t<div class=\"elementor-element elementor-element-e2d3e2e e-con-full e-flex wpr-particle-no wpr-jarallax-no wpr-parallax-no wpr-sticky-section-no elementor-invisible e-con e-child\" data-id=\"e2d3e2e\" data-element_type=\"container\" data-settings=\"{&quot;animation&quot;:&quot;fadeInRight&quot;}\">\n\t\t\t\t<div class=\"elementor-element elementor-element-89a327e elementor-widget elementor-widget-spacer\" data-id=\"89a327e\" data-element_type=\"widget\" data-widget_type=\"spacer.default\">\n\t\t\t\t<div class=\"elementor-widget-container\">\n\t\t\t\t\t\t\t<div class=\"elementor-spacer\">\n\t\t\t<div class=\"elementor-spacer-inner\"><\/div>\n\t\t<\/div>\n\t\t\t\t\t\t<\/div>\n\t\t\t\t<\/div>\n\t\t\t\t<div class=\"elementor-element elementor-element-6160aaa elementor-invisible elementor-widget elementor-widget-image\" data-id=\"6160aaa\" data-element_type=\"widget\" data-settings=\"{&quot;_animation&quot;:&quot;fadeInRight&quot;}\" data-widget_type=\"image.default\">\n\t\t\t\t<div class=\"elementor-widget-container\">\n\t\t\t\t\t\t\t\t\t\t\t\t\t\t\t<img decoding=\"async\" width=\"300\" height=\"237\" src=\"https:\/\/bicentenaire.lfip-alumni.com\/wp-content\/uploads\/2025\/04\/200-ans-300x237.png\" class=\"attachment-medium size-medium wp-image-1299\" alt=\"\" srcset=\"https:\/\/bicentenaire.lfip-alumni.com\/wp-content\/uploads\/2025\/04\/200-ans-300x237.png 300w, https:\/\/bicentenaire.lfip-alumni.com\/wp-content\/uploads\/2025\/04\/200-ans-1024x808.png 1024w, https:\/\/bicentenaire.lfip-alumni.com\/wp-content\/uploads\/2025\/04\/200-ans-768x606.png 768w, https:\/\/bicentenaire.lfip-alumni.com\/wp-content\/uploads\/2025\/04\/200-ans-1536x1213.png 1536w, https:\/\/bicentenaire.lfip-alumni.com\/wp-content\/uploads\/2025\/04\/200-ans.png 1900w\" sizes=\"(max-width: 300px) 100vw, 300px\" \/>\t\t\t\t\t\t\t\t\t\t\t\t\t\t\t<\/div>\n\t\t\t\t<\/div>\n\t\t\t\t<\/div>\n\t\t\t\t\t<\/div>\n\t\t\t\t<\/div>\n\t\t\t\t<\/div>\n\t\t","protected":false},"excerpt":{"rendered":"<p>Un \u00e9tablissement bicentenaire ancr\u00e9 dans l\u2019histoire et ouvert sur le monde Cr\u00e9\u00e9 le 28 octobre 1826 \u00e0 l\u2019initiative du Gouverneur Desbassayns, le Coll\u00e8ge Royal de Pondich\u00e9ry est l\u2019un des plus anciens \u00e9tablissements scolaires de la r\u00e9gion. Administr\u00e9 par les Missions \u00c9trang\u00e8res de Paris de 1834 \u00e0 1899, il devient le Coll\u00e8ge Colonial en 1848, avant de rouvrir en 1900 sous la Troisi\u00e8me R\u00e9publique, avec une administration la\u00efque. C\u2019est \u00e0 cette \u00e9poque que les jeunes filles y sont admises pour la premi\u00e8re fois, et que les langues locales int\u00e8grent les enseignements. En 1954, avec la r\u00e9trocession de Pondich\u00e9ry \u00e0 l\u2019Inde, l\u2019\u00e9tablissement devient un symbole des liens culturels entre la France et l\u2019Inde. Il accueille notamment un discours marquant de Jawaharlal Nehru. En 1972, il devient le Lyc\u00e9e Fran\u00e7ais de Pondich\u00e9ry, dont l\u2019existence est garantie par l\u2019article 21 du trait\u00e9 de Cession. Enfin, en 2018, le lyc\u00e9e prend une dimension internationale en rejoignant pleinement le r\u00e9seau AEFE sous le nom de Lyc\u00e9e Fran\u00e7ais International de Pondich\u00e9ry, fid\u00e8le \u00e0 sa vocation d\u2019excellence, d\u2019ouverture et de diversit\u00e9. Marqu\u00e9 par une histoire franco-indienne unique, le LFIP a form\u00e9 des g\u00e9n\u00e9rations d&#8217;\u00e9l\u00e8ves, acteurs du monde de demain. Le Bicentenaire est l&#8217;occasion de rendre hommage \u00e0 cette aventure humaine et \u00e9ducative exceptionnelle, de r\u00e9unir anciens \u00e9l\u00e8ves, \u00e9l\u00e8ves actuels, enseignants, familles et partenaires autour de nos valeurs fondatrices : excellence, ouverture, engagement et transmission.<\/p>\n","protected":false},"author":1,"featured_media":0,"parent":0,"menu_order":0,"comment_status":"closed","ping_status":"closed","template":"elementor_header_footer","meta":{"footnotes":""},"class_list":["post-948","page","type-page","status-publish","hentry"],"_links":{"self":[{"href":"https:\/\/bicentenaire.lfip-alumni.com\/index.php\/wp-json\/wp\/v2\/pages\/948","targetHints":{"allow":["GET"]}}],"collection":[{"href":"https:\/\/bicentenaire.lfip-alumni.com\/index.php\/wp-json\/wp\/v2\/pages"}],"about":[{"href":"https:\/\/bicentenaire.lfip-alumni.com\/index.php\/wp-json\/wp\/v2\/types\/page"}],"author":[{"embeddable":true,"href":"https:\/\/bicentenaire.lfip-alumni.com\/index.php\/wp-json\/wp\/v2\/users\/1"}],"replies":[{"embeddable":true,"href":"https:\/\/bicentenaire.lfip-alumni.com\/index.php\/wp-json\/wp\/v2\/comments?post=948"}],"version-history":[{"count":87,"href":"https:\/\/bicentenaire.lfip-alumni.com\/index.php\/wp-json\/wp\/v2\/pages\/948\/revisions"}],"predecessor-version":[{"id":1682,"href":"https:\/\/bicentenaire.lfip-alumni.com\/index.php\/wp-json\/wp\/v2\/pages\/948\/revisions\/1682"}],"wp:attachment":[{"href":"https:\/\/bicentenaire.lfip-alumni.com\/index.php\/wp-json\/wp\/v2\/media?parent=948"}],"curies":[{"name":"wp","href":"https:\/\/api.w.org\/{rel}","templated":true}]}}