{"id":1865,"date":"2025-09-04T22:43:31","date_gmt":"2025-09-04T21:43:31","guid":{"rendered":"https:\/\/bicentenaire.lfip-alumni.com\/?page_id=1865"},"modified":"2026-02-07T21:46:22","modified_gmt":"2026-02-07T21:46:22","slug":"elementor-page-1865","status":"publish","type":"page","link":"https:\/\/bicentenaire.lfip-alumni.com\/index.php\/elementor-page-1865\/","title":{"rendered":"Vid\u00e9o T\u00e9moignage"},"content":{"rendered":"\t\t<div data-elementor-type=\"wp-page\" data-elementor-id=\"1865\" class=\"elementor elementor-1865\" data-elementor-post-type=\"page\">\n\t\t\t\t<div class=\"elementor-element elementor-element-bd4bd58 e-flex e-con-boxed wpr-particle-no wpr-jarallax-no wpr-parallax-no wpr-sticky-section-no e-con e-parent\" data-id=\"bd4bd58\" data-element_type=\"container\">\n\t\t\t\t\t<div class=\"e-con-inner\">\n\t\t\t\t<div class=\"elementor-element elementor-element-5b78429 elementor-invisible elementor-widget elementor-widget-heading\" data-id=\"5b78429\" data-element_type=\"widget\" data-settings=\"{&quot;_animation&quot;:&quot;fadeInUp&quot;}\" data-widget_type=\"heading.default\">\n\t\t\t\t<div class=\"elementor-widget-container\">\n\t\t\t\t\t<h2 class=\"elementor-heading-title elementor-size-default\">Vid\u00e9o t\u00e9moignage<\/h2>\t\t\t\t<\/div>\n\t\t\t\t<\/div>\n\t\t\t\t<div class=\"elementor-element elementor-element-4df1555 animated-slow elementor-invisible elementor-widget elementor-widget-text-editor\" data-id=\"4df1555\" data-element_type=\"widget\" data-settings=\"{&quot;_animation&quot;:&quot;fadeIn&quot;}\" data-widget_type=\"text-editor.default\">\n\t\t\t\t<div class=\"elementor-widget-container\">\n\t\t\t\t\t\t\t\t\t<p class=\"p1\">Collecte de t\u00e9moignages vid\u00e9o d\u2019anciens \u00e9l\u00e8ves et personnel du Lyc\u00e9e Fran\u00e7ais de Pondich\u00e9ry pour c\u00e9l\u00e9brer les 200 ans du LFIP en octobre 2026.<\/p>\t\t\t\t\t\t\t\t<\/div>\n\t\t\t\t<\/div>\n\t\t\t\t<div class=\"elementor-element elementor-element-6680429 elementor-invisible elementor-widget elementor-widget-text-editor\" data-id=\"6680429\" data-element_type=\"widget\" data-settings=\"{&quot;_animation&quot;:&quot;fadeInUp&quot;}\" data-widget_type=\"text-editor.default\">\n\t\t\t\t<div class=\"elementor-widget-container\">\n\t\t\t\t\t\t\t\t\t<h6 class=\"p1\">Porteur du projet : Sandana Kichenane<\/h6>\t\t\t\t\t\t\t\t<\/div>\n\t\t\t\t<\/div>\n\t\t\t\t\t<\/div>\n\t\t\t\t<\/div>\n\t\t<div class=\"elementor-element elementor-element-5215e71 animated-slow e-flex e-con-boxed wpr-particle-no wpr-jarallax-no wpr-parallax-no wpr-sticky-section-no elementor-invisible e-con e-parent\" data-id=\"5215e71\" data-element_type=\"container\" data-settings=\"{&quot;background_background&quot;:&quot;classic&quot;,&quot;animation&quot;:&quot;fadeInLeft&quot;}\">\n\t\t\t\t\t<div class=\"e-con-inner\">\n\t\t<div class=\"elementor-element elementor-element-1ac269f e-con-full e-flex wpr-particle-no wpr-jarallax-no wpr-parallax-no wpr-sticky-section-no e-con e-child\" data-id=\"1ac269f\" data-element_type=\"container\">\n\t\t\t\t<div class=\"elementor-element elementor-element-63d3c84 elementor-widget-tablet__width-initial elementor-widget elementor-widget-text-editor\" data-id=\"63d3c84\" data-element_type=\"widget\" data-widget_type=\"text-editor.default\">\n\t\t\t\t<div class=\"elementor-widget-container\">\n\t\t\t\t\t\t\t\t\t<p class=\"p1\">\u00c0 l\u2019occasion du bicentenaire du Lyc\u00e9e Fran\u00e7ais de Pondich\u00e9ry, nous invitons chaque ancien \u00e9l\u00e8ve ou personnel \u00e0 partager un souvenir, une anecdote ou un mot personnel en vid\u00e9o. Peu importe la dur\u00e9e de ton passage au LFIP : chaque t\u00e9moignage compte et contribue \u00e0 notre m\u00e9moire collective.<\/p><p class=\"p1\">Ces vid\u00e9os seront mont\u00e9es et compil\u00e9es par notre \u00e9quipe pour \u00eatre diffus\u00e9es lors des c\u00e9l\u00e9brations du bicentenaire, relay\u00e9es sur les canaux officiels (LFIP, Alumni, r\u00e9seaux sociaux). Elles constitueront un patrimoine vivant, transmis aux g\u00e9n\u00e9rations futures.<\/p>\t\t\t\t\t\t\t\t<\/div>\n\t\t\t\t<\/div>\n\t\t\t\t<\/div>\n\t\t<div class=\"elementor-element elementor-element-ce58620 e-con-full e-flex wpr-particle-no wpr-jarallax-no wpr-parallax-no wpr-sticky-section-no e-con e-child\" data-id=\"ce58620\" data-element_type=\"container\">\n\t\t\t\t<div class=\"elementor-element elementor-element-bceb78c elementor-widget elementor-widget-image\" data-id=\"bceb78c\" data-element_type=\"widget\" data-widget_type=\"image.default\">\n\t\t\t\t<div class=\"elementor-widget-container\">\n\t\t\t\t\t\t\t\t\t\t\t\t\t\t\t<img fetchpriority=\"high\" decoding=\"async\" width=\"300\" height=\"202\" src=\"https:\/\/bicentenaire.lfip-alumni.com\/wp-content\/uploads\/2025\/09\/Capture-de\u0301cran-2025-09-04-a\u0300-23.56.16-300x202.png\" class=\"attachment-medium size-medium wp-image-1876\" alt=\"\" srcset=\"https:\/\/bicentenaire.lfip-alumni.com\/wp-content\/uploads\/2025\/09\/Capture-de\u0301cran-2025-09-04-a\u0300-23.56.16-300x202.png 300w, https:\/\/bicentenaire.lfip-alumni.com\/wp-content\/uploads\/2025\/09\/Capture-de\u0301cran-2025-09-04-a\u0300-23.56.16.png 650w\" sizes=\"(max-width: 300px) 100vw, 300px\" \/>\t\t\t\t\t\t\t\t\t\t\t\t\t\t\t<\/div>\n\t\t\t\t<\/div>\n\t\t\t\t<\/div>\n\t\t\t\t\t<\/div>\n\t\t\t\t<\/div>\n\t\t<div class=\"elementor-element elementor-element-67bf816 animated-slow e-flex e-con-boxed wpr-particle-no wpr-jarallax-no wpr-parallax-no wpr-sticky-section-no elementor-invisible e-con e-parent\" data-id=\"67bf816\" data-element_type=\"container\" data-settings=\"{&quot;background_background&quot;:&quot;classic&quot;,&quot;animation&quot;:&quot;fadeInRight&quot;}\">\n\t\t\t\t\t<div class=\"e-con-inner\">\n\t\t<div class=\"elementor-element elementor-element-03f74cd e-con-full e-flex wpr-particle-no wpr-jarallax-no wpr-parallax-no wpr-sticky-section-no e-con e-child\" data-id=\"03f74cd\" data-element_type=\"container\">\n\t\t\t\t<div class=\"elementor-element elementor-element-74bf979 elementor-widget elementor-widget-heading\" data-id=\"74bf979\" data-element_type=\"widget\" data-widget_type=\"heading.default\">\n\t\t\t\t<div class=\"elementor-widget-container\">\n\t\t\t\t\t<h5 class=\"elementor-heading-title elementor-size-default\">Comment partciper ?<\/h5>\t\t\t\t<\/div>\n\t\t\t\t<\/div>\n\t\t\t\t<div class=\"elementor-element elementor-element-fbd9286 elementor-widget elementor-widget-text-editor\" data-id=\"fbd9286\" data-element_type=\"widget\" data-widget_type=\"text-editor.default\">\n\t\t\t\t<div class=\"elementor-widget-container\">\n\t\t\t\t\t\t\t\t\t<p class=\"p2\"><span class=\"s1\">\u2022<\/span> <span class=\"s3\">Enregistrement<\/span> : avec ton t\u00e9l\u00e9phone, en mode <span class=\"s3\">paysage<\/span><\/p><p class=\"p3\"><span class=\"s1\">\u2022<\/span> Dur\u00e9e<span class=\"s4\"> : maximum <\/span>20 secondes<\/p><p class=\"p2\"><span class=\"s1\">\u2022<\/span> <span class=\"s3\">Qualit\u00e9<\/span> : format HD (par d\u00e9faut sur smartphone)<\/p><p class=\"p2\"><span class=\"s1\">\u2022<\/span> <span class=\"s3\">Style<\/span> : spontan\u00e9, authentique, naturel \u2013 un sourire, une phrase, un souvenir suffisent !<\/p>\t\t\t\t\t\t\t\t<\/div>\n\t\t\t\t<\/div>\n\t\t\t\t<\/div>\n\t\t<div class=\"elementor-element elementor-element-23e8c86 e-con-full e-flex wpr-particle-no wpr-jarallax-no wpr-parallax-no wpr-sticky-section-no e-con e-child\" data-id=\"23e8c86\" data-element_type=\"container\">\n\t\t\t\t<div class=\"elementor-element elementor-element-2646317 elementor-widget elementor-widget-text-editor\" data-id=\"2646317\" data-element_type=\"widget\" data-widget_type=\"text-editor.default\">\n\t\t\t\t<div class=\"elementor-widget-container\">\n\t\t\t\t\t\t\t\t\t<p class=\"p2\">Poste ta vid\u00e9o directement sur ce lien\u00a0 \u2b07\ufe0f<\/p>\t\t\t\t\t\t\t\t<\/div>\n\t\t\t\t<\/div>\n\t\t\t\t<div class=\"elementor-element elementor-element-5b4cece elementor-widget elementor-widget-button\" data-id=\"5b4cece\" data-element_type=\"widget\" data-widget_type=\"button.default\">\n\t\t\t\t<div class=\"elementor-widget-container\">\n\t\t\t\t\t\t\t\t\t<div class=\"elementor-button-wrapper\">\n\t\t\t\t\t<a class=\"elementor-button elementor-button-link elementor-size-sm\" href=\"https:\/\/onedrive.live.com\/?redeem=aHR0cHM6Ly8xZHJ2Lm1zL2YvYy82ZGJjYzA3M2U4ZDE5NmM0L0VyM2FmVmxGNEp4QmpSYTdEZFAwODdrQi1fUEpBV09RTG5NNks0TEV1R2RjOWc%5FZT1VOFJ2cEM&#038;id=6DBCC073E8D196C4%21s597ddabde045419c8d16bb0dd3f4f3b9&#038;cid=6DBCC073E8D196C4\" target=\"_blank\">\n\t\t\t\t\t\t<span class=\"elementor-button-content-wrapper\">\n\t\t\t\t\t\t\t\t\t<span class=\"elementor-button-text\">Video t\u00e9moignage bicentenaire<\/span>\n\t\t\t\t\t<\/span>\n\t\t\t\t\t<\/a>\n\t\t\t\t<\/div>\n\t\t\t\t\t\t\t\t<\/div>\n\t\t\t\t<\/div>\n\t\t\t\t<div class=\"elementor-element elementor-element-009213c elementor-widget elementor-widget-text-editor\" data-id=\"009213c\" data-element_type=\"widget\" data-widget_type=\"text-editor.default\">\n\t\t\t\t<div class=\"elementor-widget-container\">\n\t\t\t\t\t\t\t\t\t<p class=\"p1\">Des questions ? contacte-nous \u00e0 l\u2019adresse suivante :<br \/><a href=\"mailto:bicentenaire@lfip-alumni.com\"><strong>bicentenaire@lfip-alumni.com<\/strong><\/a><\/p><p>Date limite d\u2019envoi : <span class=\"s3\">31\/06\/2026<\/span><\/p>\t\t\t\t\t\t\t\t<\/div>\n\t\t\t\t<\/div>\n\t\t\t\t<\/div>\n\t\t\t\t\t<\/div>\n\t\t\t\t<\/div>\n\t\t<div class=\"elementor-element elementor-element-20cefe3 animated-slow e-flex e-con-boxed wpr-particle-no wpr-jarallax-no wpr-parallax-no wpr-sticky-section-no elementor-invisible e-con e-parent\" data-id=\"20cefe3\" data-element_type=\"container\" data-settings=\"{&quot;background_background&quot;:&quot;classic&quot;,&quot;animation&quot;:&quot;fadeInLeft&quot;}\">\n\t\t\t\t\t<div class=\"e-con-inner\">\n\t\t<div class=\"elementor-element elementor-element-207d634 e-con-full e-flex wpr-particle-no wpr-jarallax-no wpr-parallax-no wpr-sticky-section-no e-con e-child\" data-id=\"207d634\" data-element_type=\"container\">\n\t\t\t\t<div class=\"elementor-element elementor-element-8e33202 elementor-widget elementor-widget-heading\" data-id=\"8e33202\" data-element_type=\"widget\" data-widget_type=\"heading.default\">\n\t\t\t\t<div class=\"elementor-widget-container\">\n\t\t\t\t\t<h5 class=\"elementor-heading-title elementor-size-default\">Guide pour ton t\u00e9moignage vid\u00e9o <\/h5>\t\t\t\t<\/div>\n\t\t\t\t<\/div>\n\t\t\t\t<div class=\"elementor-element elementor-element-07b5ed0 elementor-widget elementor-widget-text-editor\" data-id=\"07b5ed0\" data-element_type=\"widget\" data-widget_type=\"text-editor.default\">\n\t\t\t\t<div class=\"elementor-widget-container\">\n\t\t\t\t\t\t\t\t\t<p class=\"p1\"><span class=\"s1\">\u2022<\/span> Pr\u00e9sente-toi en quelques secondes (nom, pr\u00e9nom, ann\u00e9e Promo)<\/p><p class=\"p1\"><span class=\"s1\">\u2022<\/span> Puis 1 id\u00e9e = 1 phrase courte (pour tenir en 20 secondes).<\/p><p class=\"p1\"><span class=\"s1\">\u2022<\/span> Sois spontan\u00e9(e), naturel(le)\u2026 un sourire suffit !<\/p>\t\t\t\t\t\t\t\t<\/div>\n\t\t\t\t<\/div>\n\t\t\t\t<\/div>\n\t\t<div class=\"elementor-element elementor-element-444d165 e-con-full e-flex wpr-particle-no wpr-jarallax-no wpr-parallax-no wpr-sticky-section-no e-con e-child\" data-id=\"444d165\" data-element_type=\"container\">\n\t\t\t\t<div class=\"elementor-element elementor-element-b52ef9a elementor-widget elementor-widget-image\" data-id=\"b52ef9a\" data-element_type=\"widget\" data-widget_type=\"image.default\">\n\t\t\t\t<div class=\"elementor-widget-container\">\n\t\t\t\t\t\t\t\t\t\t\t\t\t\t\t<img decoding=\"async\" width=\"300\" height=\"234\" src=\"https:\/\/bicentenaire.lfip-alumni.com\/wp-content\/uploads\/2025\/09\/Capture-de\u0301cran-2025-09-05-a\u0300-02.39.50-300x234.png\" class=\"attachment-medium size-medium wp-image-1953\" alt=\"\" srcset=\"https:\/\/bicentenaire.lfip-alumni.com\/wp-content\/uploads\/2025\/09\/Capture-de\u0301cran-2025-09-05-a\u0300-02.39.50-300x234.png 300w, https:\/\/bicentenaire.lfip-alumni.com\/wp-content\/uploads\/2025\/09\/Capture-de\u0301cran-2025-09-05-a\u0300-02.39.50.png 686w\" sizes=\"(max-width: 300px) 100vw, 300px\" \/>\t\t\t\t\t\t\t\t\t\t\t\t\t\t\t<\/div>\n\t\t\t\t<\/div>\n\t\t\t\t<\/div>\n\t\t\t\t\t<\/div>\n\t\t\t\t<\/div>\n\t\t<div class=\"elementor-element elementor-element-494d19b animated-slow e-flex e-con-boxed wpr-particle-no wpr-jarallax-no wpr-parallax-no wpr-sticky-section-no elementor-invisible e-con e-parent\" data-id=\"494d19b\" data-element_type=\"container\" data-settings=\"{&quot;background_background&quot;:&quot;classic&quot;,&quot;animation&quot;:&quot;fadeInRight&quot;}\">\n\t\t\t\t\t<div class=\"e-con-inner\">\n\t\t\t\t<div class=\"elementor-element elementor-element-a508783 elementor-widget elementor-widget-heading\" data-id=\"a508783\" data-element_type=\"widget\" data-widget_type=\"heading.default\">\n\t\t\t\t<div class=\"elementor-widget-container\">\n\t\t\t\t\t<h5 class=\"elementor-heading-title elementor-size-default\">Besoin d\u2019inspiration ?<\/h5>\t\t\t\t<\/div>\n\t\t\t\t<\/div>\n\t\t\t\t<div class=\"elementor-element elementor-element-5b42b41 elementor-widget elementor-widget-text-editor\" data-id=\"5b42b41\" data-element_type=\"widget\" data-widget_type=\"text-editor.default\">\n\t\t\t\t<div class=\"elementor-widget-container\">\n\t\t\t\t\t\t\t\t\t<p>Voici quelques id\u00e9es de questions auxquelles tu peux r\u00e9pondre. Tu peux choisir de r\u00e9pondre (sans citer la question) \u00e0 une seule question ou en combiner deux de la liste ci-dessous. Quelques phrases suffisent !<\/p>\t\t\t\t\t\t\t\t<\/div>\n\t\t\t\t<\/div>\n\t\t\t\t<div class=\"elementor-element elementor-element-17f1d7d elementor-widget elementor-widget-n-accordion\" data-id=\"17f1d7d\" data-element_type=\"widget\" data-settings=\"{&quot;default_state&quot;:&quot;expanded&quot;,&quot;max_items_expended&quot;:&quot;one&quot;,&quot;n_accordion_animation_duration&quot;:{&quot;unit&quot;:&quot;ms&quot;,&quot;size&quot;:400,&quot;sizes&quot;:[]}}\" data-widget_type=\"nested-accordion.default\">\n\t\t\t\t<div class=\"elementor-widget-container\">\n\t\t\t\t\t\t\t<div class=\"e-n-accordion\" aria-label=\"Accordion. Open links with Enter or Space, close with Escape, and navigate with Arrow Keys\">\n\t\t\t\t\t\t<details id=\"e-n-accordion-item-2510\" class=\"e-n-accordion-item\" open>\n\t\t\t\t<summary class=\"e-n-accordion-item-title\" data-accordion-index=\"1\" tabindex=\"0\" aria-expanded=\"true\" aria-controls=\"e-n-accordion-item-2510\" >\n\t\t\t\t\t<span class='e-n-accordion-item-title-header'><div class=\"e-n-accordion-item-title-text\"> Exemples de questions <\/div><\/span>\n\t\t\t\t\t\t\t<span class='e-n-accordion-item-title-icon'>\n\t\t\t<span class='e-opened' ><i aria-hidden=\"true\" class=\"icon icon-up-arrow1\"><\/i><\/span>\n\t\t\t<span class='e-closed'><i aria-hidden=\"true\" class=\"icon icon-down-arrow1\"><\/i><\/span>\n\t\t<\/span>\n\n\t\t\t\t\t\t<\/summary>\n\t\t\t\t<div role=\"region\" aria-labelledby=\"e-n-accordion-item-2510\" class=\"elementor-element elementor-element-25bd273 e-con-full e-flex wpr-particle-no wpr-jarallax-no wpr-parallax-no wpr-sticky-section-no e-con e-child\" data-id=\"25bd273\" data-element_type=\"container\">\n\t\t\t\t<div class=\"elementor-element elementor-element-f5431fe elementor-widget elementor-widget-text-editor\" data-id=\"f5431fe\" data-element_type=\"widget\" data-widget_type=\"text-editor.default\">\n\t\t\t\t<div class=\"elementor-widget-container\">\n\t\t\t\t\t\t\t\t\t<ol><li>Quel est ton meilleur souvenir du LFIP ?<\/li><li class=\"p1\">Quelle image ou quel moment te revient spontan\u00e9ment quand tu penses au LFIP ?<\/li><li class=\"p1\">Qu\u2019est-ce que le LFIP t\u2019a apport\u00e9 (amis, valeurs, ouverture, opportunit\u00e9s) ?<\/li><li class=\"p1\">Si tu devais remercier le LFIP pour une seule chose, ce serait quoi ?<\/li><li class=\"p1\">Que repr\u00e9sente le fait d\u2019\u00eatre un ancien du LFIP pour toi ?<\/li><li class=\"p1\">En un mot, comment d\u00e9crirais-tu ton passage au LFIP ?<\/li><li class=\"p1\">Que souhaites-tu au LFIP pour ses 200 ans ?<\/li><li class=\"p1\">Comment aimerais-tu voir \u00e9voluer notre lyc\u00e9e pour les g\u00e9n\u00e9rations futures ?<\/li><\/ol>\t\t\t\t\t\t\t\t<\/div>\n\t\t\t\t<\/div>\n\t\t\t\t<\/div>\n\t\t\t\t\t<\/details>\n\t\t\t\t\t\t<details id=\"e-n-accordion-item-2511\" class=\"e-n-accordion-item\" >\n\t\t\t\t<summary class=\"e-n-accordion-item-title\" data-accordion-index=\"2\" tabindex=\"-1\" aria-expanded=\"false\" aria-controls=\"e-n-accordion-item-2511\" >\n\t\t\t\t\t<span class='e-n-accordion-item-title-header'><div class=\"e-n-accordion-item-title-text\"> Exemples de r\u00e9ponses <\/div><\/span>\n\t\t\t\t\t\t\t<span class='e-n-accordion-item-title-icon'>\n\t\t\t<span class='e-opened' ><i aria-hidden=\"true\" class=\"icon icon-up-arrow1\"><\/i><\/span>\n\t\t\t<span class='e-closed'><i aria-hidden=\"true\" class=\"icon icon-down-arrow1\"><\/i><\/span>\n\t\t<\/span>\n\n\t\t\t\t\t\t<\/summary>\n\t\t\t\t<div role=\"region\" aria-labelledby=\"e-n-accordion-item-2511\" class=\"elementor-element elementor-element-2097730 e-flex e-con-boxed wpr-particle-no wpr-jarallax-no wpr-parallax-no wpr-sticky-section-no e-con e-child\" data-id=\"2097730\" data-element_type=\"container\">\n\t\t\t\t\t<div class=\"e-con-inner\">\n\t\t\t\t<div class=\"elementor-element elementor-element-68869c8 elementor-widget elementor-widget-text-editor\" data-id=\"68869c8\" data-element_type=\"widget\" data-widget_type=\"text-editor.default\">\n\t\t\t\t<div class=\"elementor-widget-container\">\n\t\t\t\t\t\t\t\t\t<p class=\"p1\">\u00ab Mon meilleur souvenir, c\u2019est la f\u00eate de fin d\u2019ann\u00e9e en Terminale. Merci au LFIP pour ces moments inoubliables, et joyeux bicentenaire ! \u00bb<\/p><p class=\"p1\">\u00ab Je me souviens encore de mes premiers pas dans la cour du LFIP\u2026 C\u2019est l\u00e0 que j\u2019ai rencontr\u00e9 mes meilleurs amis, et que tout a commenc\u00e9. Joyeux bicentenaire au LFIP ! \u00bb<\/p>\t\t\t\t\t\t\t\t<\/div>\n\t\t\t\t<\/div>\n\t\t\t\t\t<\/div>\n\t\t\t\t<\/div>\n\t\t\t\t\t<\/details>\n\t\t\t\t\t<\/div>\n\t\t\t\t\t\t<\/div>\n\t\t\t\t<\/div>\n\t\t\t\t<div class=\"elementor-element elementor-element-08feac4 elementor-widget elementor-widget-text-editor\" data-id=\"08feac4\" data-element_type=\"widget\" data-widget_type=\"text-editor.default\">\n\t\t\t\t<div class=\"elementor-widget-container\">\n\t\t\t\t\t\t\t\t\t<p class=\"p1\">Ton t\u00e9moignage est unique et essentiel. Quelques secondes suffisent pour contribuer \u00e0 ce patrimoine collectif et c\u00e9l\u00e9brer ensemble deux si\u00e8cles d\u2019histoire.<\/p><p class=\"p1\"><strong>Alors, prends ton t\u00e9l\u00e9phone, filme-toi\u2026 et rejoins-nous dans cette aventure !<\/strong><\/p>\t\t\t\t\t\t\t\t<\/div>\n\t\t\t\t<\/div>\n\t\t\t\t\t<\/div>\n\t\t\t\t<\/div>\n\t\t\t\t<\/div>\n\t\t","protected":false},"excerpt":{"rendered":"<p>Vid\u00e9o t\u00e9moignage Collecte de t\u00e9moignages vid\u00e9o d\u2019anciens \u00e9l\u00e8ves et personnel du Lyc\u00e9e Fran\u00e7ais de Pondich\u00e9ry pour c\u00e9l\u00e9brer les 200 ans du LFIP en octobre 2026. Porteur du projet : Sandana Kichenane \u00c0 l\u2019occasion du bicentenaire du Lyc\u00e9e Fran\u00e7ais de Pondich\u00e9ry, nous invitons chaque ancien \u00e9l\u00e8ve ou personnel \u00e0 partager un souvenir, une anecdote ou un mot personnel en vid\u00e9o. Peu importe la dur\u00e9e de ton passage au LFIP : chaque t\u00e9moignage compte et contribue \u00e0 notre m\u00e9moire collective. Ces vid\u00e9os seront mont\u00e9es et compil\u00e9es par notre \u00e9quipe pour \u00eatre diffus\u00e9es lors des c\u00e9l\u00e9brations du bicentenaire, relay\u00e9es sur les canaux officiels (LFIP, Alumni, r\u00e9seaux sociaux). Elles constitueront un patrimoine vivant, transmis aux g\u00e9n\u00e9rations futures. Comment partciper ? \u2022 Enregistrement : avec ton t\u00e9l\u00e9phone, en mode paysage \u2022 Dur\u00e9e : maximum 20 secondes \u2022 Qualit\u00e9 : format HD (par d\u00e9faut sur smartphone) \u2022 Style : spontan\u00e9, authentique, naturel \u2013 un sourire, une phrase, un souvenir suffisent ! Poste ta vid\u00e9o directement sur ce lien\u00a0 \u2b07\ufe0f Video t\u00e9moignage bicentenaire Des questions ? contacte-nous \u00e0 l\u2019adresse suivante :bicentenaire@lfip-alumni.com Date limite d\u2019envoi : 31\/06\/2026 Guide pour ton t\u00e9moignage vid\u00e9o \u2022 Pr\u00e9sente-toi en quelques secondes (nom, pr\u00e9nom, ann\u00e9e Promo) \u2022 Puis 1 id\u00e9e = 1 phrase courte (pour tenir en 20 secondes). \u2022 Sois spontan\u00e9(e), naturel(le)\u2026 un sourire suffit ! Besoin d\u2019inspiration ? Voici quelques id\u00e9es de questions auxquelles tu peux r\u00e9pondre. Tu peux choisir de r\u00e9pondre (sans citer la question) \u00e0 une seule question ou en combiner deux de la liste ci-dessous. Quelques phrases suffisent ! Exemples de questions Quel est ton meilleur souvenir du LFIP ? Quelle image ou quel moment te revient spontan\u00e9ment quand tu penses au LFIP ? Qu\u2019est-ce que le LFIP t\u2019a apport\u00e9 (amis, valeurs, ouverture, opportunit\u00e9s) ? Si tu devais remercier le LFIP pour une seule chose, ce serait quoi ? Que repr\u00e9sente le fait d\u2019\u00eatre un ancien du LFIP pour toi ? En un mot, comment d\u00e9crirais-tu ton passage au LFIP ? Que souhaites-tu au LFIP pour ses 200 ans ? Comment aimerais-tu voir \u00e9voluer notre lyc\u00e9e pour les g\u00e9n\u00e9rations futures ? Exemples de r\u00e9ponses \u00ab Mon meilleur souvenir, c\u2019est la f\u00eate de fin d\u2019ann\u00e9e en Terminale. Merci au LFIP pour ces moments inoubliables, et joyeux bicentenaire ! \u00bb \u00ab Je me souviens encore de mes premiers pas dans la cour du LFIP\u2026 C\u2019est l\u00e0 que j\u2019ai rencontr\u00e9 mes meilleurs amis, et que tout a commenc\u00e9. Joyeux bicentenaire au LFIP ! \u00bb Quel est ton meilleur souvenir du LFIP ? Quelle image ou quel moment te revient spontan\u00e9ment quand tu penses au LFIP ? Qu\u2019est-ce que le LFIP t\u2019a apport\u00e9 (amis, valeurs, ouverture, opportunit\u00e9s) ? Si tu devais remercier le LFIP pour une seule chose, ce serait quoi ? Que repr\u00e9sente le fait d\u2019\u00eatre un ancien du LFIP pour toi ? En un mot, comment d\u00e9crirais-tu ton passage au LFIP ? Que souhaites-tu au LFIP pour ses 200 ans ? Comment aimerais-tu voir \u00e9voluer notre lyc\u00e9e pour les g\u00e9n\u00e9rations futures ? \u00ab Mon meilleur souvenir, c\u2019est la f\u00eate de fin d\u2019ann\u00e9e en Terminale. Merci au LFIP pour ces moments inoubliables, et joyeux bicentenaire ! \u00bb \u00ab Je me souviens encore de mes premiers pas dans la cour du LFIP\u2026 C\u2019est l\u00e0 que j\u2019ai rencontr\u00e9 mes meilleurs amis, et que tout a commenc\u00e9. Joyeux bicentenaire au LFIP ! \u00bb Ton t\u00e9moignage est unique et essentiel. Quelques secondes suffisent pour contribuer \u00e0 ce patrimoine collectif et c\u00e9l\u00e9brer ensemble deux si\u00e8cles d\u2019histoire. Alors, prends ton t\u00e9l\u00e9phone, filme-toi\u2026 et rejoins-nous dans cette aventure !<\/p>\n","protected":false},"author":1,"featured_media":0,"parent":0,"menu_order":0,"comment_status":"closed","ping_status":"closed","template":"","meta":{"footnotes":""},"class_list":["post-1865","page","type-page","status-publish","hentry"],"_links":{"self":[{"href":"https:\/\/bicentenaire.lfip-alumni.com\/index.php\/wp-json\/wp\/v2\/pages\/1865","targetHints":{"allow":["GET"]}}],"collection":[{"href":"https:\/\/bicentenaire.lfip-alumni.com\/index.php\/wp-json\/wp\/v2\/pages"}],"about":[{"href":"https:\/\/bicentenaire.lfip-alumni.com\/index.php\/wp-json\/wp\/v2\/types\/page"}],"author":[{"embeddable":true,"href":"https:\/\/bicentenaire.lfip-alumni.com\/index.php\/wp-json\/wp\/v2\/users\/1"}],"replies":[{"embeddable":true,"href":"https:\/\/bicentenaire.lfip-alumni.com\/index.php\/wp-json\/wp\/v2\/comments?post=1865"}],"version-history":[{"count":71,"href":"https:\/\/bicentenaire.lfip-alumni.com\/index.php\/wp-json\/wp\/v2\/pages\/1865\/revisions"}],"predecessor-version":[{"id":2272,"href":"https:\/\/bicentenaire.lfip-alumni.com\/index.php\/wp-json\/wp\/v2\/pages\/1865\/revisions\/2272"}],"wp:attachment":[{"href":"https:\/\/bicentenaire.lfip-alumni.com\/index.php\/wp-json\/wp\/v2\/media?parent=1865"}],"curies":[{"name":"wp","href":"https:\/\/api.w.org\/{rel}","templated":true}]}}